w + 792. Calculate v(17).
-262
Let g(d) = -d**3 - 81*d**2 + 1982*d - 9892. What is g(13)?
-12
Let p(v) = v**3 + 50*v**2 - 1522*v + 383. What is p(-71)?
2584
Let s(b) = 213*b + 152293. Determine s(-715).
-2
Let i(l) = -4*l**2 - 86*l - 1244. Determine i(-21).
-1202
Let o(h) = 134*h**3 + 1079*h**2 + 57*h + 12. Give o(-8).
4
Let g(i) = -9*i - 4236. Calculate g(-32).
-3948
Let a(z) = 14*z**3 + 7*z**2 - 2035*z - 4092. Calculate a(-2).
-106
Let m(v) = v**2 - 216*v + 3398. Give m(15).
383
Let q(b) = 6*b**3 + 1949*b**2 + 3552*b - 327. Give q(-323).
-4
Let f(h) = 4*h**3 - 118*h**2 + 125*h - 264. Calculate f(28).
-1468
Let u(r) = r**3 - 87*r**2 + 546*r + 795. Give u(80).
-325
Let y(f) = 96476*f + 192963. Calculate y(-2).
11
Let w(h) = h**3 + 86*h**2 - 187*h - 9155. Determine w(-87).
-455
Let d(c) = -497*c + 141900. What is d(290)?
-2230
Let f(v) = v**2 + 235*v - 817030. Determine f(-1029).
-4
Let i(g) = -47559*g + 23589262. What is i(496)?
-2
Let f(u) = 18791*u**2 - 37583*u - 1. What is f(2)?
-3
Let u(w) = 1012*w**2 + 5993*w - 488. What is u(-6)?
-14
Let t(y) = 1217*y - 60853. Give t(50).
-3
Let y(u) = -9*u**3 - 192*u**2 - 76*u - 278. Determine y(-21).
-5
Let l(q) = -13358*q + 2030400. Determine l(152).
-16
Let r(f) = 95*f**3 + 114*f + 233. Calculate r(-2).
-755
Let t(x) = -11374*x + 79624. What is t(7)?
6
Let k(p) = -4*p**3 + 43*p**2 - 232*p + 2718. What is k(11)?
45
Let z(n) = 2715*n - 5173. Calculate z(2).
257
Let u(n) = -n**3 + 43*n**2 + 569*n + 412. Calculate u(-10).
22
Let f(g) = g**3 - 60*g**2 + 85*g - 8875. Give f(61).
31
Let i(v) = -4*v**3 - 239*v**2 - 391*v + 981. What is i(-58)?
111
Let p(j) = 10*j**3 - 75*j**2 - 539*j - 25. Give p(12).
-13
Let u(k) = 123255*k + 1725555. Calculate u(-14).
-15
Let b(t) = 18164*t - 308404. What is b(17)?
384
Let l(n) = -91*n**3 + 230*n**2 - 115*n + 15. Give l(2).
-23
Let k(m) = 65*m**2 + 39395*m + 42356. Determine k(-605).
6
Let s(c) = 53*c**2 + 9457*c + 9456. Calculate s(-1).
52
Let d(a) = -28*a**3 + 24835*a**2 + 886*a + 888. Give d(887).
1
Let b(h) = -53613*h + 4. Calculate b(0).
4
Let m(b) = -4236*b - 33682. Determine m(-8).
206
Let n(l) = 4*l**2 + 69328*l + 69326. What is n(-1)?
2
Let w(t) = 45*t**2 - 738*t + 253. Determine w(16).
-35
Let z(u) = 577*u**2 - 2061*u - 2060. What is z(-1)?
578
Let w(r) = -2*r**2 + 3558*r + 123273. Calculate w(-34).
-11
Let x(p) = 3817*p - 106876. Give x(28).
0
Let h(u) = -232525*u - 4650502. Determine h(-20).
-2
Let d(m) = 487*m**2 - 13129*m - 538. Determine d(27).
2
Let h(a) = -1171*a - 805. Give h(0).
-805
Let u(l) = -66365*l + 464552. Give u(7).
-3
Let q(h) = -10*h**3 - 27*h**2 + 97*h + 234. Calculate q(-3).
-30
Let r(q) = 3*q**3 - 1630*q**2 - 3530*q + 438731. Give r(545).
6
Let o(l) = 2*l**2 + 67*l + 95. Give o(-20).
-445
Let d(h) = 11*h**3 + h**2 - 5*h + 29. Calculate d(2).
111
Let x(n) = -291*n - 9815. What is x(-34)?
79
Let z(d) = 4*d**3 - 106*d**2 + 46*d + 1958. What is z(25)?
-642
Let a(k) = -5110*k - 148203. Determine a(-29).
-13
Let p(h) = -2196*h + 57157. Calculate p(26).
61
Let x(l) = -l**3 - 182*l**2 - 2094*l - 36412. Calculate x(-171).
11
Let g(c) = -11708*c - 1849854. Calculate g(-158).
10
Let f(t) = 4*t**2 - 3067*t - 298023. Calculate f(854).
23
Let w(b) = 143583*b + 1722897. Give w(-12).
-99
Let g(z) = -7*z**2 + 331*z - 682. Give g(45).
38
Let l(o) = o**3 + 33*o**2 + 303*o + 417. Calculate l(-17).
-110
Let q(k) = 23*k**3 + 153*k**2 + 263*k + 1038. Calculate q(-6).
0
Let g(a) = a**2 + 2011*a - 651790. Determine g(284).
-10
Let k(h) = h**3 - 574*h**2 + 7298*h - 68. Calculate k(13).
-3
Let w(u) = 338*u - 314. Give w(1).
24
Let w(z) = -65*z - 1909. Determine w(0).
-1909
Let s(c) = -c**3 + 9*c**2 - 3530*c + 7042. Calculate s(2).
10
Let t(a) = 62863*a + 314646. Determine t(-5).
331
Let w(d) = -d**3 - 192*d**2 - 50*d - 46905. Determine w(-193).
-6
Let t(m) = 43*m**2 + 1000*m + 104. Give t(-23).
-149
Let f(y) = 405*y - 79749. Give f(197).
36
Let w(v) = 20*v**2 + 863*v + 2540. Give w(-40).
20
Let a(u) = u**3 + 12*u**2 - 89*u - 958. Determine a(-9).
86
Let w(u) = u**3 - 78*u**2 - 765*u + 126. Calculate w(-9).
-36
Let b(t) = -4*t**2 - 529*t - 17447. Determine b(-70).
-17
Let a(j) = -16*j**2 + 404*j + 424. Give a(-1).
4
Let f(i) = -3*i**3 - 19*i**2 + 1630*i + 9857. Determine f(-6).
41
Let a(f) = 11*f**3 - 19*f**2 - 88*f + 9. Give a(-4).
-647
Let j(s) = s**3 + 903*s**2 + 9851*s + 418. Give j(-11).
-11
Let a(u) = 62529*u - 625279. Calculate a(10).
11
Let j(z) = -6662*z + 13219. Give j(2).
-105
Let y(f) = -f**2 + 81*f + 4523. Give y(-38).
1
Let y(s) = 10444*s - 10370907. Calculate y(993).
-15
Let q(k) = -2*k**3 + 74*k**2 + 208*k + 2337. What is q(40)?
1057
Let d(k) = k**2 + 58*k - 8356. Determine d(-125).
19
Let b(l) = 570*l - 20530. Calculate b(36).
-10
Let m(r) = 47*r**3 - 185*r**2 + 724*r - 2954. Give m(4).
-10
Let s(t) = 39868*t + 39937. Give s(-1).
69
Let q(m) = 96*m**2 + 1157*m + 120. Determine q(-12).
60
Let t(l) = 2*l**3 - 99*l**2 + 149*l + 35. Determine t(48).
275
Let g(m) = -m**3 + 57*m**2 - 653*m + 196. What is g(16)?
244
Let j(u) = -68911*u + 1515821. Determine j(22).
-221
Let b(l) = l**3 + 35*l**2 + 176*l - 495. Determine b(-8).
-175
Let y(u) = 8*u**2 + 402*u + 81. Calculate y(-50).
-19
Let o(g) = -310821*g - 3729861. What is o(-12)?
-9
Let g(d) = -556*d - 29654. What is g(-53)?
-186
Let l(i) = -i**2 - 283*i + 2885. Determine l(10).
-45
Let b(g) = -126*g**2 + 294*g - 48. Determine b(2).
36
Let c(g) = -g**2 - 1688*g - 18425. Calculate c(-11).
22
Let s(h) = -h**3 - 39*h**2 + 130*h + 360. Determine s(-42).
192
Let v(m) = 37176*m - 185876. What is v(5)?
4
Let f(s) = 268*s**2 + 114*s + 224. Calculate f(-2).
1068
Let v(x) = 4361*x + 8673. What is v(-2)?
-49
Let t(v) = -1670*v + 27518. Give t(17).
-872
Let j(w) = 7*w**3 + 352*w**2 + 351*w + 30914. What is j(-51)?
8
Let q(s) = 7917*s + 942135. Calculate q(-119).
12
Let b(f) = 48*f**3 + 3126*f**2 + 447*f + 3689. Give b(-65).
-16
Let m(k) = 32073*k - 449026. Determine m(14).
-4
Let q(b) = -22421*b + 2578351. What is q(115)?
-64
Let g(n) = -n**3 - 174*n**2 - 6785*n + 26. What is g(-59)?
26
Let d(c) = -1942216*c - 1942235. What is d(-1)?
-19
Let s(l) = -47*l**3 + 3*l**2 + 258*l + 254. Determine s(-1).
46
Let l(f) = 1143446*f + 64032974. Calculate l(-56).
-2
Let c(p) = -562*p**3 - p**2 + 8*p - 5. Determine c(1).
-560
Let p(y) = 2*y**3 + 1097*y**2 - 87278*y + 596. What is p(-619)?
-23
Let h(i) = 107205*i - 106618. Calculate h(1).
587
Let d(m) = 351*m + 27027. Calculate d(-77).
0
Let h(i) = -38467*i + 1461747. Determine h(38).
1
Let n(u) = -u**2 + 1106*u + 164787. What is n(-133)?
0
Let z(q) = 804*q**2 + 20907*q + 19. Determine z(-26).
-59
Let h(o) = 3*o**2 - 103*o + 565. What is h(8)?
-67
Let b(c) = c**3 + 2*c**2 - 92*c + 10. Give b(-11).
-67
Let j(x) = -1698*x + 19248. What is j(11)?
570
Let k(s) = 22*s**3 - 2415*s**2 - 551*s + 128. Determine k(110).
18
Let n(a) = 3*a**2 + 1361*a - 12187. What is n(9)?
305
Let i(d) = 2*d**3 - 287*d**2 + 10040*d + 17630. Determine i(75).
5
Let y(f) = 2*f**3 - 33*f**2 + 155*f - 2608. Give y(16).
-384
Let k(b) = -468*b - 20426. Give k(-51).
3442
Let t(o) = -136509*o - 43682871. Determine t(-320).
9
Let r(a) = 2*a**3 + 29*a**2 + 6313*a + 94907. Calculate r(-15).
-13
Let b(c) = -2*c**3 - 319*c**2 - 1186*c - 39. What is b(-4)?
-271
Let h(o) = -219*o + 27997. Give h(130).
-473
Let l(b) = 232*b + 551. Give l(-2).
87
Let l(v) = 628*v - 8435. Calculate l(13).
-271
Let c(v) = v**3 + 29*v**2 - 34*v + 48. Determine c(-23).
4004
Let k(r) = -7*r**3 + 30*r**2 + 80*r - 100. Determine k(6).
-52
Let f(v) = 87*v**2 - 7532*v - 10909. What is f(88)?
3
Let q(i) = 3318*i - 33691. What is q(10)?
-511
Let c(x) = 204068*x + 2856959. What is c(-14)?
7
Let h(q) = q**3 - 150*q**2 - 123*q - 4380. Determine h(151).
-152
Let z(f) = -8454*f - 42316. Give z(-5).
-46
Let v(p) = -14467*p + 101347. What is v(7)?
78
Let k(g) = g**2 - 1246*g + 67826. Give k(57).
53
Let y(o) = -3*o**2 + 1982*o - 42158. Calculate y(22).
-6
Let x(d) = -50265*d - 955053. Determine x(-19).
-18
Let g(r) = r**2 + 282*r - 11024. Determine g(-315).
-629
Let d(l) = 5*l**3 - 873*l**2 - 344*l - 394. Give d(175).
656
Let x(n) = 21*n + 286. Give x(-15).
-29
Let c(f) = -318*f**2 - 1558*f - 4671. Determine c(-3).
-2859
Let l(j) = 19098*j - 362582. Calculate l